61570
In base 9, what is -5 - -4714?
4708
In base 13, what is -10c - -10?
-cc
In base 16, what is 1 + -624b?
-624a
In base 5, what is 142 - -442234?
442431
In base 6, what is 11 + -131244?
-131233
In base 14, what is -d - -6a33?
6a24
In base 12, what is 532964 + 0?
532964
In base 3, what is -10000 + -12020?
-22020
In base 14, what is 0 - cd572?
-cd572
In base 5, what is -44004 - 103?
-44112
In base 3, what is -2000012112 + 2?
-2000012110
In base 12, what is -3 - -4a18?
4a15
In base 6, what is 2111 - 11430?
-5315
In base 11, what is 76 + 449?
514
In base 7, what is -4 + -151103?
-151110
In base 7, what is -324363 - -5?
-324355
In base 9, what is 361 + 3787?
4258
In base 8, what is 363511 + -5?
363504
In base 5, what is 10343114 - -200?
10343314
In base 4, what is -10 + 2030021323?
2030021313
In base 16, what is 3a7 + -da?
2cd
In base 11, what is -1353799 - -3?
-1353796
In base 13, what is -3257 - -251?
-3006
In base 16, what is -2fad4 + -2?
-2fad6
In base 9, what is 32014 + 0?
32014
In base 11, what is -9378 - -5?
-9373
In base 9, what is -121 + -310?
-431
In base 13, what is 10b3 + -8?
10a8
In base 14, what is b51 + -16?
b39
In base 12, what is b4 + 962?
a56
In base 16, what is -8 - 82080?
-82088
In base 6, what is 3333115 + 2?
3333121
In base 10, what is -172 - -198?
26
In base 12, what is -539 + -5a7?
-b24
In base 6, what is -1445455 + 5?
-1445450
In base 6, what is -3100343 - 30?
-3100413
In base 4, what is -1021310 - -13?
-1021231
In base 5, what is 3 - 33213104?
-33213101
In base 12, what is -34 + b1b1?
b179
In base 14, what is b + -6a1?
-694
In base 14, what is -3 + 6a77?
6a74
In base 13, what is 4 - 5223?
-521c
In base 3, what is 1110010120 + -2?
1110010111
In base 12, what is -19b + -27?
-206
In base 10, what is -555 + -459?
-1014
In base 7, what is 4120 + 1?
4121
In base 9, what is -2647348 - 0?
-2647348
In base 4, what is 10331 - -1331?
12322
In base 6, what is -4202 + 333?
-3425
In base 16, what is -5 + 26b0b?
26b06
In base 13, what is 4 - -55795?
55799
In base 11, what is 265a46 + -2?
265a44
In base 5, what is -3142413 - 101?
-3143014
In base 8, what is -76320 - -15?
-76303
In base 3, what is -2211212 + 22?
-2211120
In base 11, what is 4113 + -166?
3a58
In base 13, what is -3ac - -28?
-384
In base 13, what is 7c38 + -131?
7b07
In base 11, what is 3 + -804?
-801
In base 3, what is 110000122 - -122?
110001021
In base 13, what is -2201 - 3c?
-2240
In base 11, what is -158472 - -2?
-158470
In base 11, what is -1a42 - -319?
-1724
In base 14, what is 6 - -806?
80c
In base 3, what is -10002 + -122102?
-202111
In base 7, what is -44155 + 4?
-44151
In base 10, what is -962 - -50?
-912
In base 10, what is 1 - 1065862?
-1065861
In base 8, what is 3461 - 64?
3375
In base 15, what is 2edca + -2?
2edc8
In base 11, what is -533 + -49?
-581
In base 5, what is -2321302 + -2?
-2321304
In base 16, what is -2f3 + 309?
16
In base 14, what is -1 - 2108?
-2109
In base 12, what is 300 + -402a?
-392a
In base 10, what is 75578 + 0?
75578
In base 7, what is -3 + 20402623?
20402620
In base 8, what is -5 + 61074?
61067
In base 12, what is -3 - -942?
93b
In base 12, what is -1006 - b8?
-1102
In base 3, what is -12 - 12111022202?
-12111022221
In base 16, what is 2 - 87?
-85
In base 13, what is -18 + 21c3?
21a8
In base 10, what is -1 - -318516?
318515
In base 3, what is 201020100210 + -12?
201020100121
In base 9, what is 2 - 123715?
-123713
In base 3, what is -102 + 112012102?
112012000
In base 14, what is 19 - -57c?
597
In base 2, what is -111100 - 11100111?
-100100011
In base 14, what is c + 917d?
918b
In base 8, what is -34 + 534?
500
In base 6, what is -25 - -4402?
4333
In base 15, what is -5ea2 - 29?
-5ecb
In base 2, what is -11001011011 + -101100?
-11010000111
In base 12, what is 22592 - -1?
22593
In base 7, what is -235 - -24222?
23654
In base 10, what is -19 - -59207?
59188
In base 9, what is 2100 - -552?
2652
In base 6, what is -30332412 + 11?
-30332401
In base 10, what is 67487 + -21?
67466
In base 15, what is 6d + 11b?
189
In base 12, what is 5871b0 - 1?
5871ab
In base 11, what is -7822 + -13?
-7835
In base 15, what is 2 - a874?
-a872
In base 7, what is -3010 - -543?
-2134
In base 2, what is -10 + -10000001001011001?
-10000001001011011
In base 12, what is -51b7 + -8?
-5203
In base 13, what is -16326 + -31?
-16357
In base 5, what is 14 - 330334?
-330320
In base 14, what is 4581 + -3?
457c
In base 5, what is -1112 - 3132?
-4244
In base 4, what is -122310201 + 2?
-122310133
In base 7, what is -5 - -1422516?
1422511
In base 4, what is 20103121 + 10?
20103131
In base 15, what is -21 - 19e?
-1c0
In base 4, what is 3021 - -102?
3123
In base 13, what is 695 - 5?
690
In base 11, what is 198 - a3?
a5
In base 12, what is -3a - 3409?
-3447
In base 8, what is -5 - 4502666?
-4502673
In base 7, what is 6 + -1606?
-1600
In base 4, what is -111 + -312323?
-313100
In base 16, what is 58 - 3920?
-38c8
In base 4, what is -2020 - -11221?
3201
In base 8, what is -33 + 43001?
42746
In base 3, what is -1111211 + -10220?
-1122201
In base 10, what is 66969 + -4?
66965
In base 4, what is 10021 + 10203?
20230
In base 5, what is -11123 + 332?
-10241
In base 8, what is 24124 - -4?
24130
In base 5, what is 3 - 22320?
-22312
In base 8, what is 4 + -47503?
-47477
In base 7, what is 1633 + -1206?
424
In base 7, what is -1540 + 1515?
-22
In base 9, what is -246222 - 1?
-246223
In base 15, what is 29b + -14?
287
In base 7, what is 6 - -6133?
6142
In base 4, what is 2 - 2301010?
-2301002
In base 7, what is 1004 + -12600?
-11563
In base 6, what is 21 + -50430?
-50405
In base 2, what is -10010100101100111011 + 1?
-10010100101100111010
In base 12, what is -429 - 18ba?
-2127
In base 11, what is 234 - -616?
84a
In base 15, what is d4 - -b5?
199
In base 11, what is 1 - 5353?
-5352
In base 7, what is -22 + 106243?
106221
In base 4, what is -12 - 10020112?
-10020130
In base 4, what is 100 - -3211202?
3211302
In base 4, what is 12202130 - 0?
12202130
In base 9, what is 1482 - -603?
2185
In base 16, what is 591 - 56?
53b
In base 10, what is 3 + 90612?
90615
In base 4, what is -1031 - -1101331?
1100300
In base 12, what is 3 + -76a6?
-76a3
In base 2, what is 110111001 - -100001011?
1011000100
In base 3, what is -1102112111 - -11010?
-1102101101
In base 4, what is 12100020333 - -2?
12100021001
In base 3, what is -2000201211 + -2?
-2000201220
In base 10, what is -298 - 219?
-517
In base 14, what is 207cac + -3?
207ca9
In base 5, what is -1122 - 3400?
-10022
In base 13, what is 41a + 392?
7ac
In base 2, what is -1 - 110010000101111010?
-110010000101111011
In base 3, what is 12200022 + 10100?
12210122
In base 10, what is -404 - -1082?
678
In base 2, what is 1110110 + 110000111?
111111101
In base 5, what is -1201414303 + -1?
-1201414304
In base 4, what is -31111100 - 2?
-31111102
In base 6, what is 1024021 + -11?
1024010
In base 6, what is -351 - -1231?
440
In base 8, what is -10 - -4633?
4623
In base 16, what is -4 + -40c1?
-40c5
In base 5, what is 21224 + -11?
21213
In base 9, what is 106 + -1371?
-1264
In base 5, what is -3024 + -4124?
-12203
In base 3, what is -12110221122 - -11?
-12110221111
In base 12, what is 357a2 - 4?
3579a
In base 5, what is -4 - 201301?
-201310
In base 7, what is 4 + 24510?
24514
In base 5, what is -120044 + -32?
-120131
In base 4, what is 330123133 - -10?
330123203
In base 3, what is -100000 - 210210?
-1010210
In base 2, what is 101011100 + -111000111000?
-110011011100
In base 11, what is 12a + -31?
a9
In base 14, what is 2 - -8b2d?
8b31
In base 15, what is 1e972 - 23?
1e94e
In base 7, what is -2526 + 32?
-2464
In base 11, what is 1185 - -a?
1194
In base 15, what is -1362 - 59?
-13bb
In base 6, what is -2024 - 21525?
-23553
In base 10, what is 1 + 2422?
2423
In base 3, what is 2100220220 + 0?
2100220220
In base 5, what is 32 - -13213?
13300
In base 14, what is 71 - 44a?
-3b9
In base 15, what is 7 - -d366?
d36d
In base 8, what is -2 + 6157441?
6157437
In base 12, what is 14 + -348?
-334
In base 6, what is -54 + -3323022?
-3323120
In base 5, what is -1 + 40004?
40003
In base 14, what is 177a83 + -3?
177a80
In base 13, what is -6 - -a952b?
a9525
In base 7, what is 2 - 2235503?
-2235501
In base 15, what is -5 + -17814?
-17819
In base 7, what is 155 + -153152?
-152664
In base 